l**3 - l**2 - 25*l + 4. Let i be t(-8). Let j = 2835 + i. List the prime factors of j.
3, 103
Suppose h - 3 = -4*k, -h - 1 = 5*k - 4. Suppose -2*n = 4, -5*o - h*n = -o - 134. What are the prime factors of o?
5, 7
Let c(x) be the third derivative of x**6/120 - x**4/24 - 7*x**3/6 - 7*x**2 + 8. Let y(b) = 3*b**2. Let p be y(-1). List the prime factors of c(p).
17
Suppose v = -4*b + 5*v + 40, -3*b + 34 = -4*v. Suppose 12*f - b*f + 42 = 0. Let t(x) = 3*x**2 + 5*x - 12. What are the prime factors of t(f)?
2, 5
Suppose -67 - 4153 = 10*p. Let a(g) = g**3 + 7*g**2 - 8*g - 9. Let u be a(-8). List the prime factors of p/(3*6/u).
211
Let v(w) = -w**3 + w**2 + 4*w + 6020. Let h be v(0). List the prime factors of h/12 - 22/33.
3, 167
Let w = 800 + -270. Let y = -158 + w. What are the prime factors of y?
2, 3, 31
Suppose -4*y = 2*l + 4, -2*l + 4*y + 7 = 3. Let z(x) = -3*x + 454. List the prime factors of z(l).
2, 227
Let z = -75 + 131. Suppose 51*n + 595 = z*n. List the prime factors of n.
7, 17
Suppose -5*j + 2*l - 9 + 51 = 0, j + 5*l = 30. Let s(p) = -j*p**3 + 11*p + 6*p**3 - 5 - 13*p**3 - 16*p. What are the prime factors of s(-2)?
3, 47
Let f(j) = -1495*j - 3426. What are the prime factors of f(-11)?
47, 277
Let f(b) = 57*b - b**2 + b**2 - 105 + 0*b**2 + 3*b**2. What are the prime factors of f(-36)?
3, 577
Suppose -94795 + 4651 = -16*f. List the prime factors of f.
2, 3, 313
Suppose -2*j - 82*p + 97681 = -81*p, -7*j + 341891 = 2*p. List the prime factors of j.
3, 67
Let u(k) = 11*k + 50. Let x be u(-4). Let i = 42 + x. Suppose h = -2*h + i. What are the prime factors of h?
2
Let i be 4*((-2)/(-6))/((-60)/(-135)). Suppose c - 3*w - 2 = -9, 2*w = i*c. Suppose 162 = 5*p - 2*q, -5*q + 59 = c*p - 0*p. What are the prime factors of p?
2
Suppose 105671 + 150929 = 200*r. What are the prime factors of r?
1283
Suppose -48*y + 3734875 = 93*y - 16*y. List the prime factors of y.
29879
Let k(z) = z**3 + 7*z**2 + 11*z + 4. Let x be k(-2). Suppose -4*a + x*r = -3302, 3*r + 3303 = 4*a + 2*r. What are the prime factors of a?
2, 7, 59
Let a(d) = 181*d**2 + d - 1. Let b(s) be the first derivative of s**3/3 + 11*s**2/2 - 41*s - 45. Let v be b(-14). List the prime factors of a(v).
181
Suppose 5*g + j + 3*j = 21, 4*g - 24 = 4*j. Suppose 5*n + g*l - 120 = 0, n - 5*l = 4*n - 80. Let z = n - -38. What are the prime factors of z?
2, 29
Let b(z) = -197*z**3 - 10*z**2 - 28*z - 11. What are the prime factors of b(-5)?
2, 3, 1021
Suppose 53*i - 76635 = -5138. List the prime factors of i.
19, 71
Let h = -7350 + 11284. What are the prime factors of h?
2, 7, 281
Let b(x) = 16*x**2 + 6*x + 7. Suppose 5*m + 18 - 68 = 0. Let q = m + -13. List the prime factors of b(q).
7, 19
List the prime factors of -6*5*(-44052)/360.
3671
Let q be (234 + 2 - -6) + -2. Let j = q + -165. What are the prime factors of j?
3, 5
Let g = 184 - 201. List the prime factors of (g/(-5) - 3) + (-1513)/(-5).
3, 101
Let i(w) = 61*w - 8 - 267*w + 4*w. List the prime factors of i(-4).
2, 5
Suppose -236213 = -12*h + 27503 - 39508. List the prime factors of h.
2, 3, 173
Suppose 2*j - 5 = -1. Let n(q) = -7*q**2 - 2*q**j + 6 + 4*q + 14*q**2. What are the prime factors of n(-3)?
3, 13
List the prime factors of (-6)/(-63) - (2874040/210)/(-1).
2, 3, 2281
What are the prime factors of ((-830)/(-25))/(20/12100)?
2, 11, 83
Let b = 6 - 9. Let d(i) = 141*i - 9 - 192*i + 3 - 2. List the prime factors of d(b).
5, 29
Let h be (-3)/5 + (-1020)/(-75). Let a(z) = z**3 - 14*z**2 + 10*z + 26. Let q be a(h). Let k = 60 + q. List the prime factors of k.
47
Let u(h) = -h**2 - 18*h + 3. Let t = -8 + 18. Suppose t*y + 90 = -30. What are the prime factors of u(y)?
3, 5
Suppose 5*u + 4*p = 152, 2*u + 4*p = 52 + 16. Let d be 5/(-4)*u/(-7). Suppose 10*i = d*i + 55. List the prime factors of i.
11
Suppose 2*m - 476 = -26*m. Suppose -15009 = -m*c + 852. List the prime factors of c.
3, 311
Suppose 2*g + 5*n = 2035 - 194, 4*n - 20 = 0. List the prime factors of ((-36)/(-24))/(1 - 905/g).
2, 227
What are the prime factors of (52002 - -1) + (456/190)/((-4)/10)?
11, 29, 163
Suppose 2*g - 90 = -g. Suppose 0 = d + 5*k + 123, 5*d + 597 = -2*k + 51. List the prime factors of (d/g)/(12/(-40)).
2, 3
Let j be (2 - 2)/(-1) + -7 + 1821. Suppose -6*g + 580 = -j. List the prime factors of g.
3, 7, 19
Suppose 0 = 3*d - 3*u - 26901, 2980 = d - 2*u - 5991. List the prime factors of d.
8963
Let x(k) = 2*k**3 + 16*k**2 - 18*k + 13. Let p be x(-9). Let c(n) = -2*n - 5 + 4*n + n**3 - p*n**2 - 9 + n. List the prime factors of c(13).
5
Suppose 53*a - 62*a + 6534 = 0. Suppose 5*n - a = -4*j, n + 729 = 6*n + j. List the prime factors of n.
2, 73
Suppose 3*d = -5*z + 36554, -5*d - 93*z + 98*z = -60950. What are the prime factors of d?
2, 11, 277
Let o(w) = 38*w**2 + 19*w + 20. List the prime factors of o(-11).
4409
Let w be 11996/28 - (-33)/(-77). Suppose w = f + 4*s, -f - 2*f = 3*s - 1329. What are the prime factors of f?
2, 7
Let d(z) = 15*z + 1007 + 1004 - 2018. List the prime factors of d(13).
2, 47
Let t be ((11 - 5) + -11)*-1*1. Suppose 3*n - 2 + 28 = p, -3*p = -t*n - 86. What are the prime factors of (p/(-28) + -4)*-7?
2, 3
Let d(t) = 3521*t**2 + 34*t + 33. List the prime factors of d(-1).
2, 5, 11
Suppose 0 = 74*c + 131*c - 11296935. What are the prime factors of c?
3, 13, 157
Let l(t) = 2*t**2 + 3*t + 1. Let h be l(5). What are the prime factors of ((-549)/(-6))/(11/h)?
3, 61
Let h = 397 - 399. What are the prime factors of (-11)/((-132)/(-18036))*h/3?
2, 3, 167
Suppose 30 = 10*g - 0. Suppose -g*r - v + 1768 = 0, 6*r = 3*r + v + 1766. What are the prime factors of r?
19, 31
Let i(f) = -2222*f**3 + 5*f**2 - 75*f - 170. List the prime factors of i(-2).
2, 11, 101
Suppose 1 = -b, 2*b + 4 = 4*f + 10. Let r be 1 - 20/(-6 - f). List the prime factors of 36 + -2 - (r - 3).
31
Let o = 796 + -796. Suppose o = -12*j + 1424 + 7048. What are the prime factors of j?
2, 353
Let p(v) = v**2 + 17*v + 13. Let y be p(-16). Let k be -12*((-4)/(-8))/(2/y). Suppose 0*i + k*i = 1080. What are the prime factors of i?
2, 3, 5
Suppose -153 = 4*u - 369. Suppose u = -8*q - q. What are the prime factors of 0 + (-945)/q + 1/2?
2, 79
Let t be 4 + (32/6)/((-2)/6). Let l be t/6*-1*2. Suppose l*k + 728 = 4*q, -3*k = -8*k - 5. List the prime factors of q.
181
Suppose 5*g - 53457 = -14*g + 97536. List the prime factors of g.
3, 883
Let u = -5499 + 14710. List the prime factors of u.
61, 151
Let f(p) = -p**3 + 34*p**2 + 18*p - 51. List the prime factors of f(27).
2, 3, 13, 71
Let i(z) = 32*z**2 + z + 8. Let g(n) = -n**2 - n - 1. Let s(h) = 5*g(h) + i(h). List the prime factors of s(-4).
11, 41
Let w = 468 + -313. Suppose w*d = 163*d - 10992. List the prime factors of d.
2, 3, 229
Suppose 0 = -5*b + 5*p + 25, 0*b - 5*b - 2*p = -53. Suppose 4*y = 7 + b. Suppose -y*n = -2*n - 192. List the prime factors of n.
2, 3
Suppose 233*k = 8618889 + 8486107. List the prime factors of k.
2, 18353
Let x be (-3)/(4/(-2) - -1). Let j be 2 + (x/4)/((-2)/(-8)). Suppose j*c = -15, -2*o - c - 3*c + 76 = 0. List the prime factors of o.
2, 11
Suppose 17*v - 5*y = 796456, -42662 = -2*v + 4*y + 51066. What are the prime factors of v?
2, 3, 61
Suppose 0*z = -2*v - 2*z - 2, -v - 10 = 4*z. Suppose -r = -5*f - 66, -v*r + 3*f = -4*r + 80. Let l = 117 - r. List the prime factors of l.
71
List the prime factors of 86556/9 - 16/(-24).
2, 3, 7, 229
What are the prime factors of -3 + ((-88)/(-8) - 9 - -12005)?
2, 3001
Let p = 69 - 69. Suppose p = -96*z + 110*z - 11802. List the prime factors of z.
3, 281
Suppose -4*f = 2*r - 5479 - 20709, f = 5*r + 6536. List the prime factors of f.
2, 3, 1091
Suppose 0 = -3*x - 3*j, 5*j = 3*x - 5*x - 6. Let b(t) = 258*t**2 + 7*t - 8. List the prime factors of b(x).
2, 3, 173
Let b be (45/20)/((3/612)/1). Suppose -639 = -4*l + 2*i - 21, b = 3*l + 3*i. List the prime factors of l.
2, 7, 11
Suppose 13*k + 6582 = 233120. What are the prime factors of k?
2, 8713
Let k = -102 + 123. Let i be (k - 26)*(-6)/(-5). List the prime factors of ((-51)/(-34))/(2/((-112)/i)).
2, 7
Let q = -212 + 204. List the prime factors of (-30)/40 + (-2630)/q.
2, 41
Let v(c) = 1582*c - 573. List the prime factors of v(10).
79, 193
Let n = 75180 + -14933. What are the prime factors of n?
11, 5477
Let r be 54/26 + 153/(-1989). Le